ine m(34).
-15
Let w(p) = -p**2 + 2182*p - 17387. Determine w(8).
5
Let k(u) = 26*u**3 + 86*u**2 - 53*u - 40. What is k(1)?
19
Let w(k) = 4*k**2 - 8735*k - 875433. Give w(-96).
-9
Let x(y) = 282*y**3 - 2819*y**2 - 39*y + 312. Calculate x(10).
22
Let p(z) = 481*z + 531. Calculate p(-2).
-431
Let p(n) = -162653*n - 1789056. What is p(-11)?
127
Let s(i) = -i**2 - 500*i - 62475. Give s(-255).
0
Let g(u) = -4943*u + 242236. Calculate g(49).
29
Let u(v) = 931*v**2 - 9309*v - 19. Calculate u(10).
-9
Let l(z) = -9676*z + 2060989. Determine l(213).
1
Let y(g) = 4*g**3 + 41*g**2 + 213*g + 1510. Calculate y(-8).
382
Let s(w) = -293*w - 5515. Determine s(-19).
52
Let o(f) = -f**3 + 124*f**2 - 710*f + 130. Calculate o(118).
-106
Let a(o) = -112736*o + 20743436. What is a(184)?
12
Let g(u) = 67*u**2 - 46613*u + 33362. Determine g(695).
2
Let v(q) = 1160*q - 37094. What is v(32)?
26
Let o(k) = 480*k - 2408. Give o(4).
-488
Let y(d) = -3*d**2 - 432*d + 42. What is y(-145)?
-393
Let u(c) = c**2 + 456*c + 2633. Calculate u(-450).
-67
Let m(a) = 3*a**2 - 21063*a - 42132. Give m(-2).
6
Let m(g) = g**3 - 129*g**2 + 539*g - 52648. What is m(128)?
-40
Let u(s) = 939*s + 264846. What is u(-282)?
48
Let z(g) = -2*g**2 + 1348*g - 51175. Determine z(39).
-1645
Let c(f) = 31*f**3 + 708*f**2 - 72*f - 33. Give c(-23).
-1022
Let b(r) = 2968*r - 5702. Calculate b(2).
234
Let y(a) = -30303*a - 303075. Calculate y(-10).
-45
Let z(v) = -4*v**2 + 691*v + 13981. What is z(-18)?
247
Let u(n) = 4*n**3 - 33*n**2 - 152*n + 38. What is u(-5)?
-527
Let k(u) = -64071*u - 63622496. Give k(-993).
7
Let l(g) = -196063*g - 83. Determine l(0).
-83
Let a(i) = 539939*i + 10258844. Calculate a(-19).
3
Let k(f) = -3*f**2 + 6*f + 9559. Give k(-55).
154
Let z(n) = -35*n**2 - 449*n + 239. What is z(-15)?
-901
Let x(r) = 23*r + 1086. What is x(-27)?
465
Let l(k) = 31796*k + 349019. What is l(-11)?
-737
Let w(s) = -1240*s + 965963. Calculate w(779).
3
Let i(u) = 2*u**3 + 41*u**2 - 230*u - 5001. What is i(-20)?
-1
Let h(t) = 8*t**2 + 27881*t - 27881. What is h(1)?
8
Let z(y) = -4*y**3 - 656*y**2 - 798*y - 24084. Calculate z(-163).
-286
Let l(b) = b**3 - 33*b**2 + 4845*b - 116118. Determine l(25).
7
Let y(t) = -4*t**2 + 2029*t + 1517. Determine y(508).
-7
Let u(c) = -c**3 - 115*c**2 + 172*c + 1211. Calculate u(4).
-5
Let m(h) = -5*h**2 + 275*h + 55078. Calculate m(-81).
-2
Let d(t) = 83*t - 3354. Determine d(31).
-781
Let t(w) = -8*w**3 + 15*w**2 + 84*w - 161. Determine t(2).
3
Let u(n) = -5*n**2 + 1510*n - 102953. Determine u(104).
7
Let a(r) = 331*r**2 + 31108*r - 564. What is a(-94)?
0
Let t(a) = -26642*a - 1412021. Give t(-53).
5
Let g(b) = 7163*b - 14308. Give g(2).
18
Let h(p) = -10*p**3 - 65*p**2 + 19*p + 13. Calculate h(-7).
125
Let x(z) = z**3 + 11*z**2 - 134*z + 58. Determine x(-18).
202
Let c(o) = o**3 + 3*o**2 + 506*o + 2039. Determine c(-4).
-1
Let c(n) = -2*n**3 - 514*n**2 + 4*n + 1072. Calculate c(-257).
44
Let c(r) = 15*r**3 + 202*r**2 + 610*r - 5. Determine c(-3).
-422
Let a(t) = 16854*t + 2983170. Determine a(-177).
12
Let q(h) = -112*h + 6087. Give q(59).
-521
Let m(z) = -64*z**2 + 500*z + 58. What is m(8)?
-38
Let f(j) = -7*j**2 + 883*j - 27665. Give f(58).
1
Let j(o) = 71*o + 11027. Determine j(-155).
22
Let v(d) = 7995*d + 47646. Determine v(-6).
-324
Let l(v) = -4*v**2 - 654*v + 2320. Determine l(-167).
-18
Let b(v) = -v**2 - 84*v - 1805. What is b(-60)?
-365
Let z(c) = -32983*c - 230795. What is z(-7)?
86
Let r(c) = -68478*c - 479352. Give r(-7).
-6
Let w(n) = n**2 - 20446*n + 632690. What is w(31)?
-175
Let o(w) = 2511*w + 2674. Give o(-1).
163
Let c(l) = 32*l**2 + 290*l + 610. Calculate c(-5).
-40
Let s(j) = 37517*j - 112645. Calculate s(3).
-94
Let p(y) = 2*y**3 - 6*y**2 + 651*y - 4493. Give p(7).
456
Let h(a) = -17*a**3 - 528*a**2 - 129*a - 3032. Calculate h(-31).
6
Let p(q) = -10*q**2 + 275*q - 2319. What is p(8)?
-759
Let v(h) = 68067*h + 68050. What is v(-1)?
-17
Let i(h) = 152*h**2 - 5731*h - 1826. What is i(38)?
-116
Let t(i) = -23*i**3 - 30*i**2 - 24*i - 1. Determine t(-1).
16
Let y(b) = b**3 - 139*b**2 + 79*b - 10499. Give y(139).
482
Let d(u) = u**2 + 1089685*u + 19614009. Give d(-18).
3
Let f(v) = -2*v**2 - 14311*v - 328086. Calculate f(-23).
9
Let z(o) = 2288*o - 752714. What is z(329)?
38
Let m(n) = 5110*n + 95447. Determine m(-19).
-1643
Let x(c) = -c**2 + 4281*c + 21383. Calculate x(-5).
-47
Let q(z) = 2*z**3 - 21*z**2 - 18*z - 19. Give q(11).
-96
Let n(q) = -q**3 - 6*q**2 - 19083*q - 57231. Give n(-3).
-9
Let a(m) = -m**3 + 52*m**2 - 591*m - 10. Determine a(19).
674
Let t(b) = b**2 - 17*b - 18535. Determine t(145).
25
Let k(b) = 10*b**2 + 2188*b - 138245. Determine k(-270).
-5
Let k(i) = 62400*i + 748930. Determine k(-12).
130
Let r(d) = 12*d**3 + d**2 - 699*d + 2729. Calculate r(4).
717
Let x(n) = -1781*n + 48424. What is x(32)?
-8568
Let s(o) = 3270*o - 948355. Determine s(290).
-55
Let h(t) = -292*t - 616. Give h(-2).
-32
Let l(j) = 129375*j + 1293699. What is l(-10)?
-51
Let g(s) = 3*s**3 + 351*s**2 + 719*s + 3367. What is g(-115)?
32
Let h(u) = u**3 - 17*u**2 + 93*u - 2191. Give h(20).
869
Let j(d) = -616*d**2 - 1398*d + 4. Determine j(-2).
336
Let b(v) = -311*v + 13360. Determine b(43).
-13
Let j(x) = -x**3 + 27*x**2 - 125*x + 1531. Give j(25).
-344
Let w(i) = -7*i**2 - 169*i + 21. Determine w(-25).
-129
Let k(n) = -22039*n + 66308. Determine k(3).
191
Let p(u) = u**2 - 77*u - 378. Determine p(62).
-1308
Let j(k) = 2*k**2 - 163*k + 1228. Determine j(8).
52
Let u(m) = -3*m**2 - 1154*m - 76417. What is u(-85)?
-2
Let x(q) = 202*q**2 + 358*q - 43. Calculate x(-2).
49
Let j(p) = -13*p**3 + 36*p**2 + 97*p + 27. Give j(-6).
3549
Let x(o) = 5*o**2 + 59*o + 197. Calculate x(-7).
29
Let t(z) = 1544*z + 958843. Calculate t(-621).
19
Let v(g) = 47*g**3 + 22*g**2 - 13*g + 8. What is v(2)?
446
Let m(y) = 5*y**3 + 2584*y**2 - 13570*y + 1043. Determine m(-522).
-1
Let z(n) = n**3 - 14*n**2 + 430*n - 7977. Determine z(17).
200
Let g(t) = 200*t - 12015. Give g(61).
185
Let n(l) = 203*l - 1998. Give n(15).
1047
Let w(s) = -2*s**2 - 6923*s - 117233. Give w(-17).
-120
Let s(c) = c**3 + 17*c**2 + 527*c + 6756. Determine s(-14).
-34
Let g(i) = -3797*i - 364474. Determine g(-96).
38
Let p(z) = -2*z**2 - 242*z + 191746. Determine p(255).
-14
Let a(b) = -6383*b - 6315. Calculate a(-1).
68
Let w(a) = -a**3 - 11*a**2 + 165*a + 1738. Calculate w(-10).
-12
Let j(q) = q**3 + 1194*q**2 + 234609*q + 256. Calculate j(-248).
8
Let d(k) = 1694*k + 13887. What is d(-8)?
335
Let x(y) = -1297*y - 37634. What is x(-29)?
-21
Let n(r) = -3*r**2 + 67*r - 387. Determine n(11).
-13
Let s(i) = -i**3 - 29*i**2 + 486*i - 1010. Give s(9).
286
Let g(h) = 5*h**3 + 347*h**2 - 213*h - 168. Calculate g(-70).
42
Let y(w) = -2*w**3 + 97*w**2 - 533*w + 28131. Determine y(49).
-387
Let a(p) = p**3 + 136*p**2 + 515*p - 1682. Calculate a(-132).
34
Let d(a) = -266*a**2 - 45477*a + 1227. What is d(-171)?
-312
Let d(m) = 7*m**3 + 198*m**2 + 58*m + 43. Calculate d(-28).
-13
Let h(v) = v**3 + 68*v**2 - 4831. What is h(-67)?
-342
Let c(q) = -q**3 + 1553*q**2 - 6207*q. Give c(4).
-44
Let s(x) = 170*x + 7897. Give s(-38).
1437
Let x(l) = l**2 - 511*l + 4515. Give x(9).
-3
Let m(f) = f**3 - 41*f**2 + 330*f + 77. Calculate m(12).
-139
Let v(c) = -950*c - 4623. What is v(-4)?
-823
Let d(u) = -10572*u - 1606948. Determine d(-152).
-4
Let p(k) = 41030*k - 1764631. Determine p(43).
-341
Let n(c) = 703*c - 61124. Determine n(87).
37
Let k(b) = -4726*b + 156025. What is k(33)?
67
Let y(q) = -103*q**2 - 40*q + 83. Give y(2).
-409
Let k(t) = -706*t**3 + 7*t**2 - 11*t - 15. Determine k(-1).
709
Let x(c) = -2295*c + 179770. Calculate x(80).
-3830
Let d(o) = -100*o + 7798. Determine d(78).
-2
Let t(n) = 5*n**3 + 282*n**2 - 142*n + 1652. Determine t(-57).
-1
Let n(t) = -134072*t + 1072572. Calculate n(8).
-4
Let s(o) = -3*o**3 - 39*o**2 - 546. Determine s(0).
-546
Let h(j) = -91*j - 79. Give h(-1).
12
Let x(f) = -4469*f + 102714. Give x(23).
-73
Let q(m) = -865*m**2 + 13847*m - 112. Determine q(16).
0
Let y(p) = -13*p**2 + 605*p + 27743. What is y(75)?
-7
Let w(s) = 50*s**2 - 2683*s + 5374. Give w(2).
208
Let a(w) = 9*w**2 + 133*w - 68. What is a(13)?
3182
Let x(p) = p**2 - 69*p - 926. Determine x(76).
-394
Let u(g) = 5*g**3 - 3*